digit of 2275?
7
What is the hundreds digit of 14234?
2
What is the thousands digit of 3731?
3
What is the ten thousands digit of 13214?
1
What is the ten thousands digit of 28222?
2
What is the units digit of 3656?
6
What is the tens digit of 1805?
0
What is the units digit of 3018?
8
What is the tens digit of 25145?
4
What is the thousands digit of 8876?
8
What is the thousands digit of 98679?
8
What is the hundred thousands digit of 185416?
1
What is the thousands digit of 26254?
6
What is the tens digit of 435?
3
What is the tens digit of 374?
7
What is the tens digit of 193?
9
What is the hundreds digit of 706?
7
What is the units digit of 68257?
7
What is the tens digit of 4593?
9
What is the thousands digit of 42031?
2
What is the thousands digit of 43806?
3
What is the hundreds digit of 1747?
7
What is the units digit of 116016?
6
What is the thousands digit of 6171?
6
What is the tens digit of 2256?
5
What is the tens digit of 436?
3
What is the hundreds digit of 6671?
6
What is the units digit of 217?
7
What is the tens digit of 1202?
0
What is the tens digit of 7768?
6
What is the hundreds digit of 2769?
7
What is the tens digit of 6774?
7
What is the hundreds digit of 763?
7
What is the hundreds digit of 110?
1
What is the hundreds digit of 8373?
3
What is the hundreds digit of 20843?
8
What is the units digit of 56506?
6
What is the thousands digit of 72554?
2
What is the hundreds digit of 1131?
1
What is the units digit of 422?
2
What is the units digit of 5737?
7
What is the units digit of 612?
2
What is the tens digit of 926?
2
What is the tens digit of 49353?
5
What is the tens digit of 75773?
7
What is the thousands digit of 2051?
2
What is the units digit of 248?
8
What is the hundreds digit of 17562?
5
What is the tens digit of 5446?
4
What is the thousands digit of 14292?
4
What is the units digit of 3114?
4
What is the hundreds digit of 3466?
4
What is the ten thousands digit of 24377?
2
What is the ten thousands digit of 31697?
3
What is the tens digit of 2528?
2
What is the thousands digit of 4108?
4
What is the units digit of 3513?
3
What is the hundreds digit of 3292?
2
What is the units digit of 11381?
1
What is the thousands digit of 102308?
2
What is the thousands digit of 179550?
9
What is the thousands digit of 178575?
8
What is the tens digit of 2247?
4
What is the units digit of 677?
7
What is the hundreds digit of 620?
6
What is the tens digit of 6151?
5
What is the thousands digit of 26292?
6
What is the tens digit of 29465?
6
What is the hundreds digit of 49828?
8
What is the tens digit of 224?
2
What is the tens digit of 821?
2
What is the hundreds digit of 14991?
9
What is the hundreds digit of 3628?
6
What is the tens digit of 770?
7
What is the tens digit of 1374?
7
What is the units digit of 1337?
7
What is the ten thousands digit of 43216?
4
What is the ten thousands digit of 26442?
2
What is the tens digit of 744?
4
What is the tens digit of 45522?
2
What is the units digit of 6050?
0
What is the tens digit of 4742?
4
What is the tens digit of 4774?
7
What is the tens digit of 1968?
6
What is the tens digit of 22937?
3
What is the hundreds digit of 669?
6
What is the hundred thousands digit of 146107?
1
What is the thousands digit of 10431?
0
What is the hundred thousands digit of 102760?
1
What is the tens digit of 2597?
9
What is the hundreds digit of 3882?
8
What is the ten thousands digit of 16265?
1
What is the hundreds digit of 603?
6
What is the tens digit of 789?
8
What is the tens digit of 2759?
5
What is the ten thousands digit of 86802?
8
What is the thousands digit of 1668?
1
What is the tens digit of 468?
6
What is the thousands digit of 100027?
0
What is the thousands digit of 42761?
2
What is the hundreds digit of 5589?
5
What is the units digit of 17?
7
What is the units digit of 9913?
3
What is the thousands digit of 21622?
1
What is the units digit of 888?
8
What is the thousands digit of 18044?
8
What is the thousands digit of 26539?
6
What is the units digit of 2353?
3
What is the thousands digit of 30868?
0
What is the units digit of 446?
6
What is the ten thousands digit of 46511?
4
What is the hundreds digit of 999?
9
What is the tens digit of 885?
8
What is the tens digit of 50?
5
What is the units digit of 13702?
2
What is the hundreds digit of 18307?
3
What is the units digit of 37593?
3
What is the units digit of 6778?
8
What is the tens digit of 144835?
3
What is the tens digit of 3733?
3
What is the tens digit of 951?
5
What is the units digit of 13286?
6
What is the tens digit of 4490?
9
What is the units digit of 4645?
5
What is the hundreds digit of 44243?
2
What is the thousands digit of 28198?
8
What is the tens digit of 1789?
8
What is the tens digit of 103?
0
What is the thousands digit of 64550?
4
What is the tens digit of 5376?
7
What is the thousands digit of 6230?
6
What is the thousands digit of 45564?
5
What is the hundreds digit of 10789?
7
What is the ten thousands digit of 20132?
2
What is the units digit of 2610?
0
What is the units digit of 175366?
6
What is the tens digit of 869?
6
What is the tens digit of 67456?
5
What is the tens digit of 367?
6
What is the tens digit of 29393?
9
What is the tens digit of 2191?
9
What is the hundreds digit of 652?
6
What is the hundreds digit of 577?
5
What is the tens digit of 894?
9
What is the hundreds digit of 7979?
9
What is the thousands digit of 7519?
7
What is the thousands digit of 1121?
1
What is the tens digit of 34204?
0
What is the thousands digit of 5711?
5
What is the hundreds digit of 67732?
7
What is the tens digit of 35867?
6
What is the hundreds digit of 593?
5
What is the units digit of 1110?
0
What is the tens digit of 1330?
3
What is the units digit of 308?
8
What is the units digit of 18595?
5
What is the hundreds digit of 5457?
4
What is the units digit of 484?
4
What is the hundreds digit of 512?
5
What is the hundreds digit of 5613?
6
What is the tens digit of 12234?
3
What is the hundreds digit of 480?
4
What is the tens digit of 4071?
7
What is the units digit of 365?
5
What is the tens digit of 16584?
8
What is the ten thousands digit of 120168?
2
What is the ten thousands digit of 24888?
2
What is the thousands digit of 1495?
1
What is the hundreds digit of 887?
8
What is the thousands digit of 9367?
9
What is the units digit of 328?
8
What is the units digit of 1813?
3
What is the units digit of 2225?
5
What is the thousands digit of 14622?
4
What is the thousands digit of 11258?
1
What is the hundreds digit of 133?
1
What is the hundreds digit of 4290?
2
What is the tens digit of 16381?
8
What is the hundreds digit of 550?
5
What is the tens digit of 347?
4
What is the units digit of 473?
3
What is the tens digit of 33330?
3
What is the tens digit of 1424?
2
What is the tens digit of 696?
9
What is the units digit of 1603?
3
What is the thousands digit of 110787?
0
What is the hundreds digit of 18458?
4
What is the hundreds digit of 23409?
4
What is the hundreds digit of 59448?
4
What is the thousands digit of 2188?
2
What is the ten thousands digit of 22353?
2
What is the units digit of 4819?
9
What is the ten thousands digit of 106565?
0
What is the ten thousands digit of 21662?
2
What is the units digit of 3192?
2
What is the thousands digit of 7444?
7
What is the tens digit of 3754?
5
What is the tens digit of 3287?
8
What is the hundreds digit of 594?
5
What is the ten thousands digit of 55986?
5
What is the hundreds digit of 8307?
3
What is the hundreds digit of 1079?
0
What is the tens digit of 3404?
0
What is the hundreds digit of 1411?
4
What is the tens digit of 17561?
6
What is the hundreds digit of 18389?
3
What is the thousands digit of 8929?
8
What is the hundreds digit of 47264?
2
What is the hundreds digit of 1482?
4
What is the hundreds digit of 112000?
0
What is the tens digit of 10465?
6
What is the tens digit of 117911?
1
What is the hundreds digit of 6852?
8
What is the hundreds digit of 5949?
9
What is the tens digit of 7073?
7
What is the units digit of 3244?
4
What is the thousands digit of 3236?
3
What is the ten thousands digit of 28951?
2
What is the hundreds digit of 1967?
9
What is the hundreds digit of 733?
7
What is the thousands digit of 5750?
5
What